{"id":16650,"date":"2020-02-24T22:15:15","date_gmt":"2020-02-24T22:15:15","guid":{"rendered":"https:\/\/demo04.houzez.co\/?page_id=16650"},"modified":"2025-01-31T14:05:04","modified_gmt":"2025-01-31T14:05:04","slug":"hakkimizda","status":"publish","type":"page","link":"https:\/\/easyhomecy.com\/index.php\/hakkimizda\/","title":{"rendered":"Hakk\u0131m\u0131zda"},"content":{"rendered":"\t\t<div data-elementor-type=\"wp-page\" data-elementor-id=\"16650\" class=\"elementor elementor-16650\" data-elementor-post-type=\"page\">\n\t\t\t\t<div class=\"elementor-element elementor-element-11d9b81 e-flex e-con-boxed e-con e-parent\" data-id=\"11d9b81\" data-element_type=\"container\" data-e-type=\"container\">\n\t\t\t\t\t<div class=\"e-con-inner\">\n\t\t<div class=\"elementor-element elementor-element-a2319ee e-con-full e-flex e-con e-child\" data-id=\"a2319ee\" data-element_type=\"container\" data-e-type=\"container\">\n\t\t\t\t<div class=\"elementor-element elementor-element-dc9262d elementor-widget elementor-widget-heading\" data-id=\"dc9262d\" data-element_type=\"widget\" data-e-type=\"widget\" data-widget_type=\"heading.default\">\n\t\t\t\t<div class=\"elementor-widget-container\">\n\t\t\t\t\t<h3 class=\"elementor-heading-title elementor-size-default\">Hakk\u0131m\u0131zda<\/h3>\t\t\t\t<\/div>\n\t\t\t\t<\/div>\n\t\t\t\t<div class=\"elementor-element elementor-element-09f53ce elementor-widget__width-initial elementor-widget elementor-widget-houzez_elementor_section_title\" data-id=\"09f53ce\" data-element_type=\"widget\" data-e-type=\"widget\" data-widget_type=\"houzez_elementor_section_title.default\">\n\t\t\t\t<div class=\"elementor-widget-container\">\n\t\t\t\t\t            <div class=\"houzez_section_title_wrap section-title-module\">\n                                    <h2 class=\"houzez_section_title\">Kuzey K\u0131br\u0131s\u2019ta G\u00fcvenilir Emlak Hizmeti<\/h2>\n                \n                                    <p class=\"houzez_section_subtitle\">Kuzey K\u0131br\u0131s\u2019\u0131n Lefko\u015fa, Girne, Gazima\u011fusa, \u0130skele ve G\u00fczelyurt gibi \u00f6nemli b\u00f6lgelerinde, sat\u0131l\u0131k ve kiral\u0131k konutlar, ticari gayrimenkuller ve yat\u0131r\u0131m f\u0131rsatlar\u0131 sunuyoruz. \u0130ster ya\u015fam i\u00e7in ister yat\u0131r\u0131m ama\u00e7l\u0131 bir gayrimenkul aray\u0131\u015f\u0131nda olun, Easy Home Estates size en iyi se\u00e7enekleri sunar.\n<\/p>\n                            <\/div>\n            \t\t\t\t<\/div>\n\t\t\t\t<\/div>\n\t\t\t\t<div class=\"elementor-element elementor-element-83bf022 elementor-align-left elementor-mobile-align-left elementor-widget elementor-widget-button\" data-id=\"83bf022\" data-element_type=\"widget\" data-e-type=\"widget\" data-widget_type=\"button.default\">\n\t\t\t\t<div class=\"elementor-widget-container\">\n\t\t\t\t\t\t\t\t\t<div class=\"elementor-button-wrapper\">\n\t\t\t\t\t<a class=\"elementor-button elementor-button-link elementor-size-sm\" href=\"https:\/\/easyhomecy.com\/index.php\/contact\/\">\n\t\t\t\t\t\t<span class=\"elementor-button-content-wrapper\">\n\t\t\t\t\t\t<span class=\"elementor-button-icon\">\n\t\t\t\t<svg aria-hidden=\"true\" class=\"e-font-icon-svg e-fas-chevron-right\" viewBox=\"0 0 320 512\" xmlns=\"http:\/\/www.w3.org\/2000\/svg\"><path d=\"M285.476 272.971L91.132 467.314c-9.373 9.373-24.569 9.373-33.941 0l-22.667-22.667c-9.357-9.357-9.375-24.522-.04-33.901L188.505 256 34.484 101.255c-9.335-9.379-9.317-24.544.04-33.901l22.667-22.667c9.373-9.373 24.569-9.373 33.941 0L285.475 239.03c9.373 9.372 9.373 24.568.001 33.941z\"><\/path><\/svg>\t\t\t<\/span>\n\t\t\t\t\t\t\t\t\t<span class=\"elementor-button-text\">\u0130leti\u015fim<\/span>\n\t\t\t\t\t<\/span>\n\t\t\t\t\t<\/a>\n\t\t\t\t<\/div>\n\t\t\t\t\t\t\t\t<\/div>\n\t\t\t\t<\/div>\n\t\t\t\t<\/div>\n\t\t<div class=\"elementor-element elementor-element-e633c8d e-con-full e-flex e-con e-child\" data-id=\"e633c8d\" data-element_type=\"container\" data-e-type=\"container\" data-settings=\"{&quot;background_background&quot;:&quot;classic&quot;}\">\n\t\t\t\t<div class=\"elementor-element elementor-element-46440e4 elementor-absolute elementor-widget elementor-widget-image\" data-id=\"46440e4\" data-element_type=\"widget\" data-e-type=\"widget\" data-settings=\"{&quot;_position&quot;:&quot;absolute&quot;}\" data-widget_type=\"image.default\">\n\t\t\t\t<div class=\"elementor-widget-container\">\n\t\t\t\t\t\t\t\t\t\t\t\t\t\t\t<img decoding=\"async\" src=\"https:\/\/easyhomecy.com\/dds-upload\/elementor\/thumbs\/property2-r0s0or2xrjslndwc9oap217vhpk1tp0cn4dnojhves.webp\" title=\"property2\" alt=\"property2\" loading=\"lazy\" \/>\t\t\t\t\t\t\t\t\t\t\t\t\t\t\t<\/div>\n\t\t\t\t<\/div>\n\t\t\t\t<\/div>\n\t\t\t\t\t<\/div>\n\t\t\t\t<\/div>\n\t\t<div class=\"elementor-element elementor-element-bcf5385 e-flex e-con-boxed e-con e-parent\" data-id=\"bcf5385\" data-element_type=\"container\" data-e-type=\"container\" data-settings=\"{&quot;background_background&quot;:&quot;classic&quot;}\">\n\t\t\t\t\t<div class=\"e-con-inner\">\n\t\t<div class=\"elementor-element elementor-element-ce3d4dd e-con-full e-flex e-con e-child\" data-id=\"ce3d4dd\" data-element_type=\"container\" data-e-type=\"container\">\n\t\t\t\t<div class=\"elementor-element elementor-element-650f188 elementor-widget__width-initial elementor-widget elementor-widget-houzez_elementor_section_title\" data-id=\"650f188\" data-element_type=\"widget\" data-e-type=\"widget\" data-widget_type=\"houzez_elementor_section_title.default\">\n\t\t\t\t<div class=\"elementor-widget-container\">\n\t\t\t\t\t            <div class=\"houzez_section_title_wrap section-title-module\">\n                                    <h2 class=\"houzez_section_title\">Vizyonumuz<\/h2>\n                \n                                    <p class=\"houzez_section_subtitle\">Easy Home Estates, Kuzey K\u0131br\u0131s\u2019ta g\u00fcvenilir ve yenilik\u00e7i bir emlak firmas\u0131 olmay\u0131 hedeflemektedir. Amac\u0131m\u0131z, yaln\u0131zca gayrimenkul sat\u0131\u015f\u0131 yapmak de\u011fil, m\u00fc\u015fterilerimizin beklentilerini kar\u015f\u0131layan ve gelece\u011fe de\u011fer katan yat\u0131r\u0131mlar sunmakt\u0131r. Gayrimenkul sekt\u00f6r\u00fcnde modern, s\u00fcrd\u00fcr\u00fclebilir ve m\u00fc\u015fteri odakl\u0131 \u00e7\u00f6z\u00fcmler geli\u015ftirerek, sat\u0131l\u0131k, kiral\u0131k ve yat\u0131r\u0131m ama\u00e7l\u0131 gayrimenkuller i\u00e7in en iyi se\u00e7enekleri sunuyoruz. B\u00f6lgesel pazar bilgimiz ve g\u00fc\u00e7l\u00fc uzman kadromuz sayesinde, yat\u0131r\u0131mc\u0131lar ve bireysel al\u0131c\u0131lar i\u00e7in de\u011fer yaratan projelerle sekt\u00f6rde fark yarat\u0131yoruz.<\/p>\n                            <\/div>\n            \t\t\t\t<\/div>\n\t\t\t\t<\/div>\n\t\t\t\t<\/div>\n\t\t<div class=\"elementor-element elementor-element-d565199 e-con-full e-flex e-con e-child\" data-id=\"d565199\" data-element_type=\"container\" data-e-type=\"container\">\n\t\t\t\t<div class=\"elementor-element elementor-element-6f44aae elementor-widget__width-initial elementor-widget elementor-widget-houzez_elementor_section_title\" data-id=\"6f44aae\" data-element_type=\"widget\" data-e-type=\"widget\" data-widget_type=\"houzez_elementor_section_title.default\">\n\t\t\t\t<div class=\"elementor-widget-container\">\n\t\t\t\t\t            <div class=\"houzez_section_title_wrap section-title-module\">\n                                    <h2 class=\"houzez_section_title\">Misyonumuz<\/h2>\n                \n                                    <p class=\"houzez_section_subtitle\">Misyonumuz, m\u00fc\u015fteri memnuniyetini esas alarak, sat\u0131n alma, kiralama ve yat\u0131r\u0131m s\u00fcre\u00e7lerinde \u015feffaf ve g\u00fcvenilir bir hizmet sunmakt\u0131r. M\u00fc\u015fterilerimizin ihtiya\u00e7lar\u0131n\u0131 do\u011fru analiz ederek, b\u00fct\u00e7elerine ve beklentilerine en uygun m\u00fclkleri bulmalar\u0131na yard\u0131mc\u0131 oluyoruz. Sekt\u00f6rdeki geli\u015fmeleri takip ederek, Kuzey K\u0131br\u0131s\u2019ta yat\u0131r\u0131m potansiyeli y\u00fcksek emlak se\u00e7enekleri sunuyor ve yat\u0131r\u0131mc\u0131lar\u0131 bilin\u00e7li kararlar almalar\u0131 i\u00e7in destekliyoruz. Profesyonel ekibimizle tapu i\u015flemleri, finansal dan\u0131\u015fmanl\u0131k ve sat\u0131\u015f sonras\u0131 destek gibi s\u00fcre\u00e7lerde yan\u0131n\u0131zda olarak, uzun vadeli ve g\u00fcvenilir bir i\u015f ortakl\u0131\u011f\u0131 sa\u011fl\u0131yoruz.<\/p>\n                            <\/div>\n            \t\t\t\t<\/div>\n\t\t\t\t<\/div>\n\t\t\t\t<\/div>\n\t\t\t\t\t<\/div>\n\t\t\t\t<\/div>\n\t\t<div class=\"elementor-element elementor-element-997d67f e-flex e-con-boxed e-con e-parent\" data-id=\"997d67f\" data-element_type=\"container\" data-e-type=\"container\">\n\t\t\t\t\t<div class=\"e-con-inner\">\n\t\t<div class=\"elementor-element elementor-element-5a2efa5 e-con-full e-flex e-con e-child\" data-id=\"5a2efa5\" data-element_type=\"container\" data-e-type=\"container\">\n\t\t<div class=\"elementor-element elementor-element-7361656 e-con-full e-flex e-con e-child\" data-id=\"7361656\" data-element_type=\"container\" data-e-type=\"container\">\n\t\t\t\t<div class=\"elementor-element elementor-element-eaf3f58 elementor-widget elementor-widget-heading\" data-id=\"eaf3f58\" data-element_type=\"widget\" data-e-type=\"widget\" data-widget_type=\"heading.default\">\n\t\t\t\t<div class=\"elementor-widget-container\">\n\t\t\t\t\t<h3 class=\"elementor-heading-title elementor-size-default\">S\u0131k\u00e7a Sorulan Sorular<\/h3>\t\t\t\t<\/div>\n\t\t\t\t<\/div>\n\t\t\t\t<div class=\"elementor-element elementor-element-eb0280e elementor-widget__width-initial elementor-widget elementor-widget-houzez_elementor_section_title\" data-id=\"eb0280e\" data-element_type=\"widget\" data-e-type=\"widget\" data-widget_type=\"houzez_elementor_section_title.default\">\n\t\t\t\t<div class=\"elementor-widget-container\">\n\t\t\t\t\t            <div class=\"houzez_section_title_wrap section-title-module\">\n                                    <h2 class=\"houzez_section_title\">K\u0131br\u0131s\u2019ta gayrimenkul al\u0131m, sat\u0131m ve kiralama s\u00fcre\u00e7leri hakk\u0131nda merak ettikleriniz! <\/h2>\n                \n                                    <p class=\"houzez_section_subtitle\">A\u015fa\u011f\u0131da en s\u0131k sorulan sorular\u0131n yan\u0131tlar\u0131n\u0131 bulabilirsiniz. Daha fazla bilgi almak i\u00e7in bizimle ileti\u015fime ge\u00e7ebilirsiniz.<\/p>\n                            <\/div>\n            \t\t\t\t<\/div>\n\t\t\t\t<\/div>\n\t\t\t\t<\/div>\n\t\t\t\t<\/div>\n\t\t<div class=\"elementor-element elementor-element-a00def4 e-con-full e-flex e-con e-child\" data-id=\"a00def4\" data-element_type=\"container\" data-e-type=\"container\" data-settings=\"{&quot;background_background&quot;:&quot;classic&quot;}\">\n\t\t\t\t<div class=\"elementor-element elementor-element-9d6b33a elementor-widget elementor-widget-accordion\" data-id=\"9d6b33a\" data-element_type=\"widget\" data-e-type=\"widget\" data-widget_type=\"accordion.default\">\n\t\t\t\t<div class=\"elementor-widget-container\">\n\t\t\t\t\t\t\t<div class=\"elementor-accordion\">\n\t\t\t\t\t\t\t<div class=\"elementor-accordion-item\">\n\t\t\t\t\t<div id=\"elementor-tab-title-1651\" class=\"elementor-tab-title\" data-tab=\"1\" role=\"button\" aria-controls=\"elementor-tab-content-1651\" aria-expanded=\"false\">\n\t\t\t\t\t\t\t\t\t\t\t\t\t<span class=\"elementor-accordion-icon elementor-accordion-icon-left\" aria-hidden=\"true\">\n\t\t\t\t\t\t\t\t\t\t\t\t\t\t\t<span class=\"elementor-accordion-icon-closed\"><svg class=\"e-font-icon-svg e-fas-chevron-down\" viewBox=\"0 0 448 512\" xmlns=\"http:\/\/www.w3.org\/2000\/svg\"><path d=\"M207.029 381.476L12.686 187.132c-9.373-9.373-9.373-24.569 0-33.941l22.667-22.667c9.357-9.357 24.522-9.375 33.901-.04L224 284.505l154.745-154.021c9.379-9.335 24.544-9.317 33.901.04l22.667 22.667c9.373 9.373 9.373 24.569 0 33.941L240.971 381.476c-9.373 9.372-24.569 9.372-33.942 0z\"><\/path><\/svg><\/span>\n\t\t\t\t\t\t\t\t<span class=\"elementor-accordion-icon-opened\"><svg class=\"e-font-icon-svg e-fas-minus\" viewBox=\"0 0 448 512\" xmlns=\"http:\/\/www.w3.org\/2000\/svg\"><path d=\"M416 208H32c-17.67 0-32 14.33-32 32v32c0 17.67 14.33 32 32 32h384c17.67 0 32-14.33 32-32v-32c0-17.67-14.33-32-32-32z\"><\/path><\/svg><\/span>\n\t\t\t\t\t\t\t\t\t\t\t\t\t\t<\/span>\n\t\t\t\t\t\t\t\t\t\t\t\t<a class=\"elementor-accordion-title\" tabindex=\"0\">Sat\u0131n alma s\u00fcreci nas\u0131l i\u015fliyor?<\/a>\n\t\t\t\t\t<\/div>\n\t\t\t\t\t<div id=\"elementor-tab-content-1651\" class=\"elementor-tab-content elementor-clearfix\" data-tab=\"1\" role=\"region\" aria-labelledby=\"elementor-tab-title-1651\"><p>1\ufe0f\u20e3 <strong>M\u00fclk Se\u00e7imi<\/strong> \u2013 \u0130htiyac\u0131n\u0131za en uygun gayrimenkul\u00fc belirliyoruz.<br \/>2\ufe0f\u20e3 <strong>Pazarl\u0131k &amp; S\u00f6zle\u015fme<\/strong> \u2013 Sat\u0131c\u0131yla fiyat konusunda mutab\u0131k kal\u0131nd\u0131\u011f\u0131nda \u00f6n sat\u0131\u015f s\u00f6zle\u015fmesi haz\u0131rlan\u0131r.<br \/>3\ufe0f\u20e3 <strong>\u00d6deme &amp; Hukuki \u0130\u015flemler<\/strong> \u2013 Tapu ve noter i\u015flemleri tamamlan\u0131r.<br \/>4\ufe0f\u20e3 <strong>Tapu Devri<\/strong> \u2013 Resmi tapu kayd\u0131 sizin ad\u0131n\u0131za ge\u00e7irilir.<\/p><\/div>\n\t\t\t\t<\/div>\n\t\t\t\t\t\t\t<div class=\"elementor-accordion-item\">\n\t\t\t\t\t<div id=\"elementor-tab-title-1652\" class=\"elementor-tab-title\" data-tab=\"2\" role=\"button\" aria-controls=\"elementor-tab-content-1652\" aria-expanded=\"false\">\n\t\t\t\t\t\t\t\t\t\t\t\t\t<span class=\"elementor-accordion-icon elementor-accordion-icon-left\" aria-hidden=\"true\">\n\t\t\t\t\t\t\t\t\t\t\t\t\t\t\t<span class=\"elementor-accordion-icon-closed\"><svg class=\"e-font-icon-svg e-fas-chevron-down\" viewBox=\"0 0 448 512\" xmlns=\"http:\/\/www.w3.org\/2000\/svg\"><path d=\"M207.029 381.476L12.686 187.132c-9.373-9.373-9.373-24.569 0-33.941l22.667-22.667c9.357-9.357 24.522-9.375 33.901-.04L224 284.505l154.745-154.021c9.379-9.335 24.544-9.317 33.901.04l22.667 22.667c9.373 9.373 9.373 24.569 0 33.941L240.971 381.476c-9.373 9.372-24.569 9.372-33.942 0z\"><\/path><\/svg><\/span>\n\t\t\t\t\t\t\t\t<span class=\"elementor-accordion-icon-opened\"><svg class=\"e-font-icon-svg e-fas-minus\" viewBox=\"0 0 448 512\" xmlns=\"http:\/\/www.w3.org\/2000\/svg\"><path d=\"M416 208H32c-17.67 0-32 14.33-32 32v32c0 17.67 14.33 32 32 32h384c17.67 0 32-14.33 32-32v-32c0-17.67-14.33-32-32-32z\"><\/path><\/svg><\/span>\n\t\t\t\t\t\t\t\t\t\t\t\t\t\t<\/span>\n\t\t\t\t\t\t\t\t\t\t\t\t<a class=\"elementor-accordion-title\" tabindex=\"0\">K\u0131br\u0131s'ta konut al\u0131rken hangi ek masraflar bulunuyor?<\/a>\n\t\t\t\t\t<\/div>\n\t\t\t\t\t<div id=\"elementor-tab-content-1652\" class=\"elementor-tab-content elementor-clearfix\" data-tab=\"2\" role=\"region\" aria-labelledby=\"elementor-tab-title-1652\"><p>Tapu har\u00e7lar\u0131, noter masraflar\u0131, KDV ve emlak vergisi gibi ek maliyetler bulunmaktad\u0131r.<\/p><\/div>\n\t\t\t\t<\/div>\n\t\t\t\t\t\t\t<div class=\"elementor-accordion-item\">\n\t\t\t\t\t<div id=\"elementor-tab-title-1653\" class=\"elementor-tab-title\" data-tab=\"3\" role=\"button\" aria-controls=\"elementor-tab-content-1653\" aria-expanded=\"false\">\n\t\t\t\t\t\t\t\t\t\t\t\t\t<span class=\"elementor-accordion-icon elementor-accordion-icon-left\" aria-hidden=\"true\">\n\t\t\t\t\t\t\t\t\t\t\t\t\t\t\t<span class=\"elementor-accordion-icon-closed\"><svg class=\"e-font-icon-svg e-fas-chevron-down\" viewBox=\"0 0 448 512\" xmlns=\"http:\/\/www.w3.org\/2000\/svg\"><path d=\"M207.029 381.476L12.686 187.132c-9.373-9.373-9.373-24.569 0-33.941l22.667-22.667c9.357-9.357 24.522-9.375 33.901-.04L224 284.505l154.745-154.021c9.379-9.335 24.544-9.317 33.901.04l22.667 22.667c9.373 9.373 9.373 24.569 0 33.941L240.971 381.476c-9.373 9.372-24.569 9.372-33.942 0z\"><\/path><\/svg><\/span>\n\t\t\t\t\t\t\t\t<span class=\"elementor-accordion-icon-opened\"><svg class=\"e-font-icon-svg e-fas-minus\" viewBox=\"0 0 448 512\" xmlns=\"http:\/\/www.w3.org\/2000\/svg\"><path d=\"M416 208H32c-17.67 0-32 14.33-32 32v32c0 17.67 14.33 32 32 32h384c17.67 0 32-14.33 32-32v-32c0-17.67-14.33-32-32-32z\"><\/path><\/svg><\/span>\n\t\t\t\t\t\t\t\t\t\t\t\t\t\t<\/span>\n\t\t\t\t\t\t\t\t\t\t\t\t<a class=\"elementor-accordion-title\" tabindex=\"0\">Bir m\u00fclk\u00fcn fiyat\u0131n\u0131n do\u011fru olup olmad\u0131\u011f\u0131n\u0131 nas\u0131l anlar\u0131m?<\/a>\n\t\t\t\t\t<\/div>\n\t\t\t\t\t<div id=\"elementor-tab-content-1653\" class=\"elementor-tab-content elementor-clearfix\" data-tab=\"3\" role=\"region\" aria-labelledby=\"elementor-tab-title-1653\"><p>Tapu har\u00e7lar\u0131, noter masraflar\u0131, KDV ve emlak vergisi gibi ek maliyetler bulunmaktad\u0131r.<\/p><\/div>\n\t\t\t\t<\/div>\n\t\t\t\t\t\t\t<div class=\"elementor-accordion-item\">\n\t\t\t\t\t<div id=\"elementor-tab-title-1654\" class=\"elementor-tab-title\" data-tab=\"4\" role=\"button\" aria-controls=\"elementor-tab-content-1654\" aria-expanded=\"false\">\n\t\t\t\t\t\t\t\t\t\t\t\t\t<span class=\"elementor-accordion-icon elementor-accordion-icon-left\" aria-hidden=\"true\">\n\t\t\t\t\t\t\t\t\t\t\t\t\t\t\t<span class=\"elementor-accordion-icon-closed\"><svg class=\"e-font-icon-svg e-fas-chevron-down\" viewBox=\"0 0 448 512\" xmlns=\"http:\/\/www.w3.org\/2000\/svg\"><path d=\"M207.029 381.476L12.686 187.132c-9.373-9.373-9.373-24.569 0-33.941l22.667-22.667c9.357-9.357 24.522-9.375 33.901-.04L224 284.505l154.745-154.021c9.379-9.335 24.544-9.317 33.901.04l22.667 22.667c9.373 9.373 9.373 24.569 0 33.941L240.971 381.476c-9.373 9.372-24.569 9.372-33.942 0z\"><\/path><\/svg><\/span>\n\t\t\t\t\t\t\t\t<span class=\"elementor-accordion-icon-opened\"><svg class=\"e-font-icon-svg e-fas-minus\" viewBox=\"0 0 448 512\" xmlns=\"http:\/\/www.w3.org\/2000\/svg\"><path d=\"M416 208H32c-17.67 0-32 14.33-32 32v32c0 17.67 14.33 32 32 32h384c17.67 0 32-14.33 32-32v-32c0-17.67-14.33-32-32-32z\"><\/path><\/svg><\/span>\n\t\t\t\t\t\t\t\t\t\t\t\t\t\t<\/span>\n\t\t\t\t\t\t\t\t\t\t\t\t<a class=\"elementor-accordion-title\" tabindex=\"0\">K\u0131br\u0131s'ta kira s\u00f6zle\u015fmesi nas\u0131l yap\u0131l\u0131r?<\/a>\n\t\t\t\t\t<\/div>\n\t\t\t\t\t<div id=\"elementor-tab-content-1654\" class=\"elementor-tab-content elementor-clearfix\" data-tab=\"4\" role=\"region\" aria-labelledby=\"elementor-tab-title-1654\"><ul><li><p>Kira s\u00f6zle\u015fmesi, hem kirac\u0131n\u0131n hem de m\u00fclk sahibinin haklar\u0131n\u0131 koruyan yasal bir belgedir. S\u00f6zle\u015fme s\u00fcrecinde \u015fu unsurlar\u0131n yer almas\u0131na dikkat edilmelidir:<\/p><ul><li><strong>Kimlik ve gelir belgesi<\/strong> talep edilebilir.<\/li><li><strong>Depozito miktar\u0131 ve \u00f6deme \u015fekli<\/strong> net bir \u015fekilde belirtilmelidir.<\/li><li><strong>Aidat, bak\u0131m ve tamirat gibi ek giderlerin<\/strong> kimin sorumlulu\u011funda oldu\u011fu yaz\u0131l\u0131 olmal\u0131d\u0131r.<\/li><li><strong>Kira art\u0131\u015f oran\u0131 ve fesih \u015fartlar\u0131<\/strong> s\u00f6zle\u015fmeye eklenmelidir.<\/li><\/ul><p>\ud83d\udca1 <strong>Easy Home Estates olarak, her iki taraf\u0131n da haklar\u0131n\u0131 koruyacak \u015fekilde kira s\u00f6zle\u015fmelerini haz\u0131rlaman\u0131za yard\u0131mc\u0131 oluyoruz. \u015eeffaf ve adil bir kira s\u00fcreci i\u00e7in rehberlik sa\u011fl\u0131yoruz.<\/strong><\/p><\/li><\/ul><\/div>\n\t\t\t\t<\/div>\n\t\t\t\t\t\t\t<div class=\"elementor-accordion-item\">\n\t\t\t\t\t<div id=\"elementor-tab-title-1655\" class=\"elementor-tab-title\" data-tab=\"5\" role=\"button\" aria-controls=\"elementor-tab-content-1655\" aria-expanded=\"false\">\n\t\t\t\t\t\t\t\t\t\t\t\t\t<span class=\"elementor-accordion-icon elementor-accordion-icon-left\" aria-hidden=\"true\">\n\t\t\t\t\t\t\t\t\t\t\t\t\t\t\t<span class=\"elementor-accordion-icon-closed\"><svg class=\"e-font-icon-svg e-fas-chevron-down\" viewBox=\"0 0 448 512\" xmlns=\"http:\/\/www.w3.org\/2000\/svg\"><path d=\"M207.029 381.476L12.686 187.132c-9.373-9.373-9.373-24.569 0-33.941l22.667-22.667c9.357-9.357 24.522-9.375 33.901-.04L224 284.505l154.745-154.021c9.379-9.335 24.544-9.317 33.901.04l22.667 22.667c9.373 9.373 9.373 24.569 0 33.941L240.971 381.476c-9.373 9.372-24.569 9.372-33.942 0z\"><\/path><\/svg><\/span>\n\t\t\t\t\t\t\t\t<span class=\"elementor-accordion-icon-opened\"><svg class=\"e-font-icon-svg e-fas-minus\" viewBox=\"0 0 448 512\" xmlns=\"http:\/\/www.w3.org\/2000\/svg\"><path d=\"M416 208H32c-17.67 0-32 14.33-32 32v32c0 17.67 14.33 32 32 32h384c17.67 0 32-14.33 32-32v-32c0-17.67-14.33-32-32-32z\"><\/path><\/svg><\/span>\n\t\t\t\t\t\t\t\t\t\t\t\t\t\t<\/span>\n\t\t\t\t\t\t\t\t\t\t\t\t<a class=\"elementor-accordion-title\" tabindex=\"0\">Kuzey K\u0131br\u0131s\u2019ta yat\u0131r\u0131m yapman\u0131n avantajlar\u0131 nelerdir?<\/a>\n\t\t\t\t\t<\/div>\n\t\t\t\t\t<div id=\"elementor-tab-content-1655\" class=\"elementor-tab-content elementor-clearfix\" data-tab=\"5\" role=\"region\" aria-labelledby=\"elementor-tab-title-1655\"><ul><li><p>\ud83d\udcca <strong>De\u011ferlenen Piyasa<\/strong> \u2013 Kuzey K\u0131br\u0131s, her y\u0131l artan gayrimenkul fiyatlar\u0131yla cazip bir yat\u0131r\u0131m b\u00f6lgesidir.<br \/>\ud83d\udcb0 <strong>Y\u00fcksek Kira Getirisi<\/strong> \u2013 \u00d6\u011frenci n\u00fcfusu ve turistik talep nedeniyle kiral\u0131k konutlara s\u00fcrekli ilgi vard\u0131r.<br \/>\ud83d\udee1 <strong>Vergi Avantajlar\u0131<\/strong> \u2013 Kuzey K\u0131br\u0131s\u2019ta d\u00fc\u015f\u00fck vergi oranlar\u0131 ve cazip yat\u0131r\u0131m te\u015fvikleri mevcuttur.<br \/>\ud83c\udf0d <strong>Stratejik Konum<\/strong> \u2013 Avrupa, Orta Do\u011fu ve T\u00fcrkiye aras\u0131nda avantajl\u0131 bir yat\u0131r\u0131m noktas\u0131d\u0131r.<\/p><p>\ud83d\udca1 <strong>Easy Home Estates olarak, sadece m\u00fclk alman\u0131za yard\u0131mc\u0131 olmakla kalm\u0131yor, ayn\u0131 zamanda yat\u0131r\u0131m\u0131n\u0131z\u0131 en do\u011fru \u015fekilde y\u00f6nlendirmek i\u00e7in analizler ve b\u00f6lgesel dan\u0131\u015fmanl\u0131k sa\u011fl\u0131yoruz.<\/strong><\/p><\/li><\/ul><\/div>\n\t\t\t\t<\/div>\n\t\t\t\t\t\t\t<div class=\"elementor-accordion-item\">\n\t\t\t\t\t<div id=\"elementor-tab-title-1656\" class=\"elementor-tab-title\" data-tab=\"6\" role=\"button\" aria-controls=\"elementor-tab-content-1656\" aria-expanded=\"false\">\n\t\t\t\t\t\t\t\t\t\t\t\t\t<span class=\"elementor-accordion-icon elementor-accordion-icon-left\" aria-hidden=\"true\">\n\t\t\t\t\t\t\t\t\t\t\t\t\t\t\t<span class=\"elementor-accordion-icon-closed\"><svg class=\"e-font-icon-svg e-fas-chevron-down\" viewBox=\"0 0 448 512\" xmlns=\"http:\/\/www.w3.org\/2000\/svg\"><path d=\"M207.029 381.476L12.686 187.132c-9.373-9.373-9.373-24.569 0-33.941l22.667-22.667c9.357-9.357 24.522-9.375 33.901-.04L224 284.505l154.745-154.021c9.379-9.335 24.544-9.317 33.901.04l22.667 22.667c9.373 9.373 9.373 24.569 0 33.941L240.971 381.476c-9.373 9.372-24.569 9.372-33.942 0z\"><\/path><\/svg><\/span>\n\t\t\t\t\t\t\t\t<span class=\"elementor-accordion-icon-opened\"><svg class=\"e-font-icon-svg e-fas-minus\" viewBox=\"0 0 448 512\" xmlns=\"http:\/\/www.w3.org\/2000\/svg\"><path d=\"M416 208H32c-17.67 0-32 14.33-32 32v32c0 17.67 14.33 32 32 32h384c17.67 0 32-14.33 32-32v-32c0-17.67-14.33-32-32-32z\"><\/path><\/svg><\/span>\n\t\t\t\t\t\t\t\t\t\t\t\t\t\t<\/span>\n\t\t\t\t\t\t\t\t\t\t\t\t<a class=\"elementor-accordion-title\" tabindex=\"0\">\u0130n\u015faat projelerinden m\u00fclk almak g\u00fcvenli midir?<\/a>\n\t\t\t\t\t<\/div>\n\t\t\t\t\t<div id=\"elementor-tab-content-1656\" class=\"elementor-tab-content elementor-clearfix\" data-tab=\"6\" role=\"region\" aria-labelledby=\"elementor-tab-title-1656\"><p>Kuzey K\u0131br\u0131s\u2019ta bir\u00e7ok yeni konut ve ticari gayrimenkul projesi bulunmaktad\u0131r. Ancak, proje a\u015famas\u0131ndaki bir m\u00fclk\u00fc sat\u0131n almadan \u00f6nce \u015fu fakt\u00f6rleri de\u011ferlendirmeniz gerekir:<\/p><p>\ud83c\udfd7 <strong>M\u00fcteahhit Firma:<\/strong> Projeyi geli\u015ftiren \u015firketin ge\u00e7mi\u015fi ve referanslar\u0131 ara\u015ft\u0131r\u0131lmal\u0131d\u0131r.<br \/>\ud83d\udcdc <strong>S\u00f6zle\u015fme Ko\u015fullar\u0131:<\/strong> Teslim s\u00fcresi, \u00f6deme plan\u0131 ve tapu devri s\u00fcre\u00e7leri net olmal\u0131d\u0131r.<br \/>\ud83d\udee1 <strong>Garanti ve G\u00fcvence:<\/strong> Projenin tamamlanaca\u011f\u0131na dair resmi g\u00fcvenceler (sigorta veya banka garantisi) olmal\u0131d\u0131r.<\/p><p>\ud83d\udca1 <strong>Easy Home Estates olarak, g\u00fcvenilir in\u015faat firmalar\u0131yla \u00e7al\u0131\u015f\u0131yor ve sizin i\u00e7in riskleri en aza indirerek, en do\u011fru projeyi se\u00e7menize yard\u0131mc\u0131 oluyoruz.<\/strong><\/p><\/div>\n\t\t\t\t<\/div>\n\t\t\t\t\t\t\t\t<\/div>\n\t\t\t\t\t\t<\/div>\n\t\t\t\t<\/div>\n\t\t\t\t<\/div>\n\t\t\t\t\t<\/div>\n\t\t\t\t<\/div>\n\t\t\t\t<\/div>\n\t\t","protected":false},"excerpt":{"rendered":"<p>Hakk\u0131m\u0131zda Kuzey K\u0131br\u0131s\u2019ta G\u00fcvenilir Emlak Hizmeti Kuzey K\u0131br\u0131s\u2019\u0131n Lefko\u015fa, Girne, Gazima\u011fusa, \u0130skele ve G\u00fczelyurt gibi \u00f6nemli b\u00f6lgelerinde, sat\u0131l\u0131k ve kiral\u0131k konutlar, ticari gayrimenkuller ve yat\u0131r\u0131m f\u0131rsatlar\u0131 sunuyoruz. \u0130ster ya\u015fam i\u00e7in ister yat\u0131r\u0131m ama\u00e7l\u0131 bir gayrimenkul aray\u0131\u015f\u0131nda olun, Easy Home Estates size en iyi se\u00e7enekleri sunar. \u0130leti\u015fim Vizyonumuz Easy Home Estates, Kuzey K\u0131br\u0131s\u2019ta g\u00fcvenilir ve yenilik\u00e7i [&hellip;]<\/p>\n","protected":false},"author":12,"featured_media":0,"parent":0,"menu_order":0,"comment_status":"closed","ping_status":"closed","template":"template\/template-homepage.php","meta":{"content-type":"","footnotes":""},"class_list":["post-16650","page","type-page","status-publish","hentry"],"_links":{"self":[{"href":"https:\/\/easyhomecy.com\/index.php\/wp-json\/wp\/v2\/pages\/16650","targetHints":{"allow":["GET"]}}],"collection":[{"href":"https:\/\/easyhomecy.com\/index.php\/wp-json\/wp\/v2\/pages"}],"about":[{"href":"https:\/\/easyhomecy.com\/index.php\/wp-json\/wp\/v2\/types\/page"}],"author":[{"embeddable":true,"href":"https:\/\/easyhomecy.com\/index.php\/wp-json\/wp\/v2\/users\/12"}],"replies":[{"embeddable":true,"href":"https:\/\/easyhomecy.com\/index.php\/wp-json\/wp\/v2\/comments?post=16650"}],"version-history":[{"count":5,"href":"https:\/\/easyhomecy.com\/index.php\/wp-json\/wp\/v2\/pages\/16650\/revisions"}],"predecessor-version":[{"id":18009,"href":"https:\/\/easyhomecy.com\/index.php\/wp-json\/wp\/v2\/pages\/16650\/revisions\/18009"}],"wp:attachment":[{"href":"https:\/\/easyhomecy.com\/index.php\/wp-json\/wp\/v2\/media?parent=16650"}],"curies":[{"name":"wp","href":"https:\/\/api.w.org\/{rel}","templated":true}]}}